-33 + 203223?
203130
In base 8, what is 6506 - 5?
6501
In base 8, what is -24 - 1444?
-1470
In base 2, what is -1101111100010000 + -101?
-1101111100010101
In base 3, what is 101 - -201001010?
201001111
In base 7, what is 22 - -200612?
200634
In base 3, what is -10221 + -1102000?
-1112221
In base 14, what is 29 + -354?
-329
In base 11, what is 3 + -108a58?
-108a55
In base 8, what is -733375 + -2?
-733377
In base 15, what is -15 + 2e8?
2d3
In base 11, what is -9294 + -7?
-92a0
In base 9, what is -644708 - -3?
-644705
In base 13, what is 409203 - 4?
4091cc
In base 8, what is -1016651 - -4?
-1016645
In base 3, what is -10221001 + 12?
-10220212
In base 6, what is -102 + -234302?
-234404
In base 16, what is 9 - 3a7e?
-3a75
In base 6, what is 10 - -343054?
343104
In base 8, what is 3 - 104622?
-104617
In base 14, what is -2b4 - -235?
-7d
In base 11, what is 1397 + 25?
1411
In base 10, what is -1327 - 2927?
-4254
In base 14, what is 13cc + -3?
13c9
In base 4, what is 3013 + -1111313?
-1102300
In base 10, what is -26 + 9198?
9172
In base 5, what is -1140222 - 1?
-1140223
In base 10, what is 7 - 1258?
-1251
In base 15, what is -14012 + 18?
-13ee9
In base 9, what is 2 + -2788?
-2786
In base 3, what is 11221002112 + 11?
11221002200
In base 9, what is -6 - -24263?
24256
In base 11, what is -44 - -37?
-8
In base 4, what is -2 - 11020?
-11022
In base 15, what is c4 + c15?
cd9
In base 15, what is 4 - -4cbb?
4cc0
In base 6, what is -4434 - -135?
-4255
In base 5, what is -3 - -22130230?
22130222
In base 7, what is -100 + 52326?
52226
In base 11, what is -230 + -199?
-419
In base 9, what is -713 - 117?
-831
In base 4, what is 3 - 2002000?
-2001331
In base 6, what is 234053 - 5?
234044
In base 4, what is 3213132 - -210?
3220002
In base 2, what is 111011 + -11011110001?
-11010110110
In base 10, what is -143505 + 10?
-143495
In base 16, what is 1103 + 93?
1196
In base 4, what is -101122021001 + -3?
-101122021010
In base 2, what is 1111011010010101 + -10001?
1111011010000100
In base 16, what is -29e71 - -33?
-29e3e
In base 4, what is 11 - -213303110?
213303121
In base 11, what is a + 58a64?
58a73
In base 16, what is -4f + -3fc?
-44b
In base 3, what is -221 + -1011220?
-1012211
In base 7, what is -5 - 2150?
-2155
In base 8, what is 24363133 - -2?
24363135
In base 10, what is 568660 - 3?
568657
In base 16, what is -8 - -7114?
710c
In base 2, what is 11101011011000010101000 + 0?
11101011011000010101000
In base 10, what is -2549 + -13?
-2562
In base 11, what is 14 - 2a84?
-2a70
In base 12, what is -4 + 83302?
832ba
In base 14, what is 3ac82 - -6?
3ac88
In base 5, what is 14120023 - -23?
14120101
In base 9, what is 30001 + 7?
30008
In base 11, what is -109 - -28?
-91
In base 9, what is 7434 - 467?
6856
In base 8, what is 54534 - 4?
54530
In base 7, what is -4303 + 1261?
-3012
In base 16, what is 4 + -1bb19?
-1bb15
In base 8, what is 156 + 177?
355
In base 8, what is -166055 + 4?
-166051
In base 14, what is -85 + dd58?
dcb3
In base 4, what is -30 + -2303223?
-2303313
In base 4, what is -1132 + 0?
-1132
In base 4, what is 100302 - -332?
101300
In base 6, what is 2 + -311401?
-311355
In base 8, what is -2453 + 142?
-2311
In base 16, what is 4 + -28b46?
-28b42
In base 6, what is -5 - 5130?
-5135
In base 3, what is -20200022212 - 0?
-20200022212
In base 14, what is 3d1 - 43d?
-4c
In base 9, what is -56 + 771?
714
In base 12, what is -1a8b + 2?
-1a89
In base 8, what is -6 - -1073?
1065
In base 13, what is 17 - -838?
852
In base 12, what is 682b3 + 1?
682b4
In base 6, what is -242005 - 22?
-242031
In base 14, what is -52a + -47?
-573
In base 7, what is 30143 + -413?
26430
In base 16, what is a - -2ba8?
2bb2
In base 15, what is e6 + -13?
d3
In base 16, what is 37b + -81?
2fa
In base 16, what is 4c + 8172?
81be
In base 13, what is -20644 - -a?
-20637
In base 8, what is -1073 + -7?
-1102
In base 5, what is 4 + 101020100?
101020104
In base 4, what is -110323 + -31?
-111020
In base 5, what is -4 + -103013021?
-103013030
In base 11, what is 8 + -a8443?
-a8436
In base 11, what is -3 - 2790?
-2793
In base 15, what is -9834 - 1?
-9835
In base 9, what is -5 - -13051?
13045
In base 3, what is -112011 - -110112120?
110000102
In base 12, what is 412439 - -5?
412442
In base 11, what is 19 + 1188?
11a6
In base 11, what is -5 + 1075?
1070
In base 5, what is 31423 - 41?
31332
In base 13, what is 2 + -771b9?
-771b7
In base 3, what is 2000122001 - -2?
2000122010
In base 10, what is -2 + -81842?
-81844
In base 3, what is 10 - -110001210?
110001220
In base 13, what is -16043 - 6?
-16049
In base 11, what is 23 - 242a?
-2407
In base 16, what is c + e49?
e55
In base 7, what is -23 - 26066?
-26122
In base 11, what is -3 + 25344?
25341
In base 9, what is -6 - -2111?
2104
In base 12, what is -568 - 1b25?
-2491
In base 14, what is 36ba49 - -5?
36ba50
In base 4, what is -230211012033 - -10?
-230211012023
In base 9, what is 7511 - 32?
7468
In base 7, what is -60 + -14654?
-15044
In base 11, what is -29960 + 0?
-29960
In base 9, what is 6 - -2548?
2555
In base 3, what is 11 - -200221000?
200221011
In base 9, what is 7763053 - 5?
7763047
In base 15, what is 208 + 45?
24d
In base 12, what is 4b3647 + 0?
4b3647
In base 11, what is 15527 + -7?
15520
In base 11, what is 13872 - -14?
13886
In base 2, what is -1001011110010 + -11011100111?
-1100111011001
In base 14, what is -9269 + -1?
-926a
In base 16, what is -63232 + 3?
-6322f
In base 2, what is 11100000010 - 11110011?
11000001111
In base 12, what is -36 + 19?
-19
In base 16, what is 190bd + 2?
190bf
In base 14, what is 5 - a36ca?
-a36c5
In base 3, what is 122222 - -1020?
201012
In base 4, what is 11 - 21232011?
-21232000
In base 15, what is 3 - baede?
-baedb
In base 9, what is -21505 - 0?
-21505
In base 5, what is -10 - 42001423?
-42001433
In base 10, what is -1 + -152005?
-152006
In base 7, what is -12126 + -50?
-12206
In base 7, what is -315 - -2230?
1612
In base 9, what is -4 - -378506?
378502
In base 16, what is 4facf - 1?
4face
In base 16, what is -c + -41808?
-41814
In base 4, what is -1103222110 + 11?
-1103222033
In base 5, what is 10432331 - -10?
10432341
In base 7, what is 5 + -355440?
-355432
In base 11, what is 5 + -235?
-230
In base 14, what is a2701 + -2?
a26dd
In base 16, what is a7918 - 8?
a7910
In base 3, what is 21 - 20000012?
-12222221
In base 11, what is 4a3513 + 1?
4a3514
In base 7, what is 12120 + 4?
12124
In base 2, what is 1010011110011 + -10001?
1010011100010
In base 3, what is -1111212022 + -1201?
-1111221000
In base 13, what is -32b0 + 6?
-32a7
In base 10, what is 2 - -726?
728
In base 5, what is -11 - 110421?
-110432
In base 6, what is 1 - -2514023?
2514024
In base 10, what is -639 - -47?
-592
In base 14, what is -6569 + -3?
-656c
In base 11, what is -228 + -214?
-441
In base 13, what is -18262b - -5?
-182626
In base 15, what is 6a76e + -3?
6a76b
In base 10, what is -32 - 1823?
-1855
In base 5, what is -43110 + -10?
-43120
In base 14, what is -4 - -2c545?
2c541
In base 16, what is -38dc2 + -4?
-38dc6
In base 16, what is 3 + -9071?
-906e
In base 12, what is 3a21b + 5?
3a224
In base 15, what is -2c + 648?
61b
In base 8, what is 4 + 333260?
333264
In base 6, what is 143055 + 24?
143123
In base 8, what is 4 + -35251?
-35245
In base 5, what is -10312 + -3402?
-14214
In base 12, what is 61 - -11a?
17b
In base 13, what is -a1 + -24aa?
-257b
In base 2, what is -10 + -11011111010110?
-11011111011000
In base 5, what is 41 + -2303?
-2212
In base 14, what is -17b - 73ac?
-7549
In base 4, what is -120 - -1203322?
1203202
In base 3, what is 1001200210 + -11122?
1001112011
In base 15, what is -c2 + 88b3?
87e1
In base 14, what is 7 + 757?
760
In base 7, what is -26515 + -116?
-26634
In base 11, what is -189986 + -4?
-18998a
In base 7, what is -3 - 136654?
-136660
In base 11, what is -1913a1 - -3?
-191399
In base 4, what is 2102022 + -2122?
2033300
In base 13, what is 4 + -12543?
-1253c
In base 15, what is 0 + -6dcb7?
-6dcb7
In base 9, what is -1 - 1062?
-1063
In base 14, what is -c2 - -189b?
17b9
In base 7, what is -25152441 - -1?
-25152440
In base 3, what is -2 + 2012120211101?
2012120211022
In base 2, what is 101100011010001 - 11001010?
101100000000111
In base 9, what is 24001 + -4?
23886
In base 8, what is -226 + -633?
-1061
In base 7, what i